 prime factors of 3752352194?
2, 53, 35399549
What are the prime factors of 2471706897?
3, 11, 641, 116849
List the prime factors of 2436554602.
2, 89, 277, 49417
List the prime factors of 7759010900.
2, 5, 23, 29, 61, 1907
What are the prime factors of 165246162?
2, 3, 43, 269, 2381
List the prime factors of 65446320.
2, 3, 5, 272693
What are the prime factors of 422694469?
509, 830441
List the prime factors of 108107060.
2, 5, 157, 34429
What are the prime factors of 5325102705?
3, 5, 13, 107, 255217
What are the prime factors of 522537385?
5, 131, 797767
What are the prime factors of 122897266?
2, 61448633
What are the prime factors of 469481194?
2, 7, 13, 67, 38501
List the prime factors of 1391814636.
2, 3, 115984553
What are the prime factors of 175898653?
7, 563, 44633
What are the prime factors of 55905754?
2, 2113, 13229
List the prime factors of 188773072.
2, 307, 38431
What are the prime factors of 84913983?
3, 7, 11, 19, 6449
List the prime factors of 307863538.
2, 53, 857, 3389
What are the prime factors of 2058688185?
3, 5, 17, 8073287
What are the prime factors of 2549314875?
3, 5, 1033, 6581
What are the prime factors of 433629174?
2, 3, 11, 6570139
List the prime factors of 1342840432.
2, 241, 348247
List the prime factors of 1411402555.
5, 19, 37, 401537
What are the prime factors of 37167534?
2, 3, 19, 108677
List the prime factors of 12769226.
2, 113, 56501
What are the prime factors of 704631933?
3, 23, 1134673
List the prime factors of 33346758.
2, 3, 17, 43, 7603
What are the prime factors of 144768024?
2, 3, 2010667
List the prime factors of 2835634617.
3, 315070513
What are the prime factors of 639063051?
3, 11, 19365547
List the prime factors of 222271465.
5, 13, 331, 10331
What are the prime factors of 2827631?
2827631
What are the prime factors of 1424150?
2, 5, 7, 13, 313
What are the prime factors of 708248224?
2, 22132757
List the prime factors of 88753041.
3, 13, 758573
What are the prime factors of 866694956?
2, 19, 37, 308213
What are the prime factors of 2192743731?
3, 293, 2494589
List the prime factors of 89198752.
2, 2787461
List the prime factors of 614026778.
2, 307013389
List the prime factors of 39055888.
2, 2440993
What are the prime factors of 98135864?
2, 12266983
List the prime factors of 141630248.
2, 17703781
List the prime factors of 493855996.
2, 4957, 24907
What are the prime factors of 62734331?
11, 47, 121343
List the prime factors of 1915224.
2, 3, 79801
List the prime factors of 100163273.
7, 3527, 4057
What are the prime factors of 152633523?
3, 7, 101, 71963
List the prime factors of 302517646.
2, 137, 1104079
List the prime factors of 83765770.
2, 5, 11, 23, 113, 293
List the prime factors of 5095428719.
47, 1553, 69809
What are the prime factors of 60243730?
2, 5, 29, 293, 709
What are the prime factors of 397087748?
2, 99271937
What are the prime factors of 68149472?
2, 2129671
List the prime factors of 677889751.
7, 11, 191, 46093
List the prime factors of 184425346.
2, 7, 149, 88411
What are the prime factors of 226371826?
2, 149, 759637
List the prime factors of 194550912.
2, 3, 281, 601
List the prime factors of 1637481189.
3, 293, 1862891
List the prime factors of 126340773.
3, 13, 3239507
List the prime factors of 20750213.
11, 439, 4297
What are the prime factors of 457876773?
3, 47, 360817
List the prime factors of 1161075202.
2, 7, 293, 283051
What are the prime factors of 22016048?
2, 1376003
List the prime factors of 688792846.
2, 7, 61, 806549
What are the prime factors of 145962713?
13, 29, 387169
List the prime factors of 29857628.
2, 7464407
What are the prime factors of 22956482?
2, 89, 128969
What are the prime factors of 729513980?
2, 5, 13, 103, 27241
What are the prime factors of 46034215?
5, 17, 541579
List the prime factors of 2868906491.
11, 23709971
List the prime factors of 112116403.
7, 16016629
List the prime factors of 19440708.
2, 3, 7, 199, 1163
List the prime factors of 4598315287.
83, 55401389
List the prime factors of 155066954.
2, 7, 683, 16217
What are the prime factors of 59693560?
2, 5, 73, 20443
What are the prime factors of 182224906?
2, 23, 3961411
List the prime factors of 541725378.
2, 3, 19, 89, 107, 499
What are the prime factors of 143942740?
2, 5, 17, 23, 79, 233
What are the prime factors of 1258248498?
2, 3, 13, 97, 166303
List the prime factors of 371693262.
2, 3, 79, 433, 1811
What are the prime factors of 1220501085?
3, 5, 8233, 9883
What are the prime factors of 72039692?
2, 18009923
List the prime factors of 4404250889.
293, 15031573
List the prime factors of 376283086.
2, 188141543
What are the prime factors of 32717778?
2, 3, 1367, 3989
List the prime factors of 841654606.
2, 13, 1213, 26687
What are the prime factors of 115858582?
2, 7, 8275613
What are the prime factors of 100783241?
13, 7752557
List the prime factors of 528680140.
2, 5, 859, 30773
What are the prime factors of 396351305?
5, 7, 19, 41, 14537
List the prime factors of 501673872.
2, 3, 7, 19, 78583
What are the prime factors of 92036194?
2, 46018097
What are the prime factors of 415991058?
2, 3, 7, 1741, 5689
What are the prime factors of 12462992?
2, 31, 25127
List the prime factors of 136395936.
2, 3, 473597
What are the prime factors of 329583951?
3, 23, 530731
List the prime factors of 469130065.
5, 1451, 64663
What are the prime factors of 100480024?
2, 12560003
What are the prime factors of 1333677251?
17, 78451603
List the prime factors of 547746770.
2, 5, 373, 146849
List the prime factors of 4651112665.
5, 4211, 220903
List the prime factors of 702071563.
702071563
List the prime factors of 270672709.
270672709
What are the prime factors of 16714497?
3, 827, 6737
What are the prime factors of 375662577?
3, 43, 1193, 2441
What are the prime factors of 474001190?
2, 5, 13, 809, 4507
List the prime factors of 5900055.
3, 5, 7, 83, 677
What are the prime factors of 732972189?
3, 941, 259643
What are the prime factors of 925290174?
2, 3, 3559, 43331
List the prime factors of 18223657.
18223657
What are the prime factors of 162092692?
2, 83, 488231
What are the prime factors of 3031277729?
3031277729
List the prime factors of 1594314976.
2, 49822343
List the prime factors of 53169591.
3, 17, 409, 2549
List the prime factors of 340316949.
3, 7, 2473, 6553
What are the prime factors of 6258798110?
2, 5, 3701, 169111
List the prime factors of 160463059.
8929, 17971
What are the prime factors of 1308836149?
29, 467, 96643
List the prime factors of 287514343.
287514343
List the prime factors of 976632449.
13, 29, 2590537
List the prime factors of 376338922.
2, 188169461
What are the prime factors of 28924594?
2, 2129, 6793
List the prime factors of 436016401.
436016401
What are the prime factors of 119049120?
2, 3, 5, 47, 1759
What are the prime factors of 112349837?
239, 470083
What are the prime factors of 992452522?
2, 467, 859, 1237
What are the prime factors of 33414446?
2, 13, 23, 71, 787
List the prime factors of 32717796.
2, 3, 2726483
What are the prime factors of 48980969?
48980969
List the prime factors of 39466299.
3, 17, 773849
List the prime factors of 6114368.
2, 13, 7349
What are the prime factors of 20900831?
7, 607, 4919
List the prime factors of 4734722.
2, 2367361
List the prime factors of 35295632.
2, 37, 59621
List the prime factors of 853083212.
2, 179, 1191457
What are the prime factors of 80104938?
2, 3, 13350823
List the prime factors of 11002681.
11002681
What are the prime factors of 2619208777?
4831, 542167
List the prime factors of 148326410.
2, 5, 14832641
What are the prime factors of 521756039?
7, 73, 811, 1259
What are the prime factors of 154365239?
7, 3150311
What are the prime factors of 120335827?
103, 149, 7841
List the prime factors of 5876385578.
2, 7, 419741827
List the prime factors of 176068155.
3, 5, 19, 173, 3571
List the prime factors of 56579950.
2, 5, 7, 139, 1163
What are the prime factors of 129003706?
2, 13, 919, 5399
List the prime factors of 857330590.
2, 5, 311, 275669
What are the prime factors of 73230100?
2, 5, 41, 53, 337
List the prime factors of 423625560.
2, 3, 5, 167, 21139
List the prime factors of 45753387.
3, 19, 29, 89, 311
What are the prime factors of 87950299?
17, 241, 21467
List the prime fa